8 - 260. List the prime factors of t.
2, 3
Let x(n) = -13 + 6*n - 2*n**3 + 3*n**2 + 3*n**3 + 7*n**2. What are the prime factors of x(-9)?
2, 7
Let h(r) = -r - 14. Let z be h(-17). Let a be (-2)/(-9) + (-34)/(-9). List the prime factors of a/(z - (-7)/(-3)).
2, 3
Let s(x) = -x**3 + 11*x**2 + 3*x. What are the prime factors of s(11)?
3, 11
Let a(q) = -q + 18. Let x be a(0). Suppose -z - 8 = -5*z. Suppose -z*v = v - x. What are the prime factors of v?
2, 3
Let l(t) = -3*t**3 + 3*t**2 - t + 2. Let a be l(2). Let b = a - -23. List the prime factors of b.
11
Let b = 159 + -103. What are the prime factors of b?
2, 7
Suppose -44*n + 47*n = 408. What are the prime factors of n?
2, 17
Let k(z) = 10*z - 16. Let g(l) = 7*l - 11. Suppose 0 = m - 1 + 8. Let d(w) = m*g(w) + 5*k(w). List the prime factors of d(8).
5
Let x(z) = 7*z + 6. Let q be x(10). Suppose -h - 2*h - 5*l = -q, -5*h = 2*l - 133. What are the prime factors of h?
3
Suppose -p + 2*f + 2 = 0, -3*f - 11 - 2 = -4*p. What are the prime factors of p?
2
Let j(z) = 11*z - 1. Let x(r) = -r. Let h(q) = j(q) + 5*x(q). Let t be h(1). Suppose t*d = 5, m + 3*d - 7 = 7. What are the prime factors of m?
11
Let p(c) = c**3 - 11*c**2 - c + 2. What are the prime factors of p(12)?
2, 67
Suppose 65*g = 61*g + 920. List the prime factors of g.
2, 5, 23
Suppose 4*a + 16 = 2*n, 4*n - 4*a - 17 + 1 = 0. Suppose n = -4*t + 3 + 13. List the prime factors of t.
2
Suppose 15 - 3 = -4*c. Let b be (-2)/c - (-8)/6. What are the prime factors of 2/((-8)/(-14))*b?
7
Let v(o) = o**3 + 8*o**2 + 7*o + 16. List the prime factors of v(-7).
2
Let u(m) = m**2 + 5*m + 3. Let k be u(-5). Let t = k - 2. Let x = 10 - t. List the prime factors of x.
3
Suppose 0 = -q - 5 + 10, 5 = 5*u - 2*q. Suppose 90 = u*t - 3*z, -29 - 98 = -4*t - 3*z. What are the prime factors of t?
31
Suppose -3*f + 10 = -2. Suppose -j - n = j - f, 3*n - 8 = -4*j. List the prime factors of 13/j*2 - 1.
2, 3
Suppose -20 = -7*d + 120. List the prime factors of d.
2, 5
Suppose 0 = -2*k + 852 - 270. What are the prime factors of k?
3, 97
Let b = -10 - -14. Suppose 0 = b*n + n - 10. What are the prime factors of n?
2
Let h(p) = p**2 + 2*p - 4. Let l be h(-5). Suppose -4*o + l = 3. What are the prime factors of o?
2
Suppose 23*r = 19*r + 660. What are the prime factors of r?
3, 5, 11
Suppose q - 58 = -3*m, 5*q + 66 = 3*m + 2*q. Let k = m + -6. Suppose z + 5*l - 2 - k = 0, 3*z + 2*l = 35. What are the prime factors of z?
11
Suppose -3*h - h + 2*x = 32, h = 4*x + 6. Let i = h + 24. List the prime factors of i.
2, 7
Let z(r) = -2*r**3 + r**2 + 3*r - 1. Suppose -4*k + k + 6 = 0. Let q be z(k). Let f = -3 - q. What are the prime factors of f?
2
Suppose -38 = -4*x - 10. Let h(f) = f - 3. Let v be h(x). Suppose 0 = -3*n - 0*n - 6, -v*b = -3*n - 30. What are the prime factors of b?
2, 3
Suppose -3*y + 0*y = -4*i + 703, 0 = 4*y - i + 920. List the prime factors of (-12)/(-42) + y/(-7).
3, 11
Let v(g) = -g**2 - 8*g + 3. Let r(t) = 3*t + 1. Let w be r(-3). What are the prime factors of v(w)?
3
Suppose 11*d + 162 = 14*d. List the prime factors of d.
2, 3
Suppose 5*c - 40 = 3*h, 23 + 17 = 5*c + 4*h. What are the prime factors of c/3 - (-3)/9?
3
Let j = 18 + 4. List the prime factors of 6/4*j*1.
3, 11
Suppose -4*g = -5*w + 8, 0 = g + 4*w - 9*w + 17. Suppose 0*t = 5*t + 2*u - 127, t = -g*u + 15. List the prime factors of t.
3
Let y(o) = 7*o + 1. Suppose -3 = -k - 1. List the prime factors of y(k).
3, 5
Let c(q) = 2*q + 2. Let k be c(2). Let a(u) = u**2 - 3*u + 4. Let l(v) = -1. Let t(w) = k*l(w) + a(w). List the prime factors of t(-2).
2
Let v(q) = -q + 3. Let s be v(-4). Suppose 0 = s*g - 2*g - 20. Suppose 2*a + g*h = a + 28, -a + h = -13. List the prime factors of a.
2
Suppose 3*x + 7 = f, -15 = 5*x - 2*f - 4. What are the prime factors of 1*4/((-4)/x)?
3
Suppose 768 = 5*c + 4*s, 0*c = 2*c + 4*s - 312. List the prime factors of c.
2, 19
Let d(x) = -x**3 - 9*x**2 + x + 11. Let p be -8 - (-1 - (-2)/1). List the prime factors of d(p).
2
Let t = 3 - 1. Suppose 0 = -4*p - 2*q + 100, 2*q - 18 = -p - t*q. What are the prime factors of p?
2, 13
Let o = 212 + -146. What are the prime factors of o?
2, 3, 11
Suppose 0*c + 30 = -3*c + 3*s, 3*s + 30 = -c. Let p = c - -25. What are the prime factors of p?
2, 5
Suppose 4*q + z = 5*z + 32, -2*z + 56 = 4*q. Suppose o + 3 = q. What are the prime factors of o?
3
Suppose i = 4*c - 67, 26 = -3*c + 3*i + 83. Let j = c - 9. What are the prime factors of j?
7
Let f = 7 - 3. Suppose 6*r - 20 = 4*r - 5*o, f*r + 3*o = 12. Suppose -5*b - 35 + 130 = r. What are the prime factors of b?
19
Let r(s) = 3*s - 5. What are the prime factors of r(14)?
37
Suppose -3*u = -6*u + 5*n + 51, -34 = -u - 4*n. Let d = 13 - u. Let c = d + 13. List the prime factors of c.
2
Suppose 0 = 3*k + 2*y - 108, -4*k = -2*y - 7 - 123. List the prime factors of k.
2, 17
Suppose 5*r + 2*w - 43 = 0, 0*r + 37 = 4*r - w. Let p be r + (-2 - (-2 + 1)). Let z(s) = 2*s - 6. List the prime factors of z(p).
2, 5
Let q(w) = 11*w + 28. List the prime factors of q(7).
3, 5, 7
Let a(j) = 4*j**3. Let l be a(-1). Let d = 0 - l. List the prime factors of d.
2
Let f(k) = 13*k - 6. What are the prime factors of f(2)?
2, 5
Suppose 0*j - 3*j - 84 = 0. Let k = j + 43. What are the prime factors of k?
3, 5
Suppose -q = -102 - 12. Suppose -q = t - 3*t. Suppose z - t = -2*z. List the prime factors of z.
19
Suppose -4*a + 2*a = -18. Let v(i) = -i**2 + 9*i + 10. List the prime factors of v(a).
2, 5
Let s(t) = t**2 - 9*t + 4. Let h be s(9). Suppose -j = -3*x + 17, h*x + 4*j = 2*x + 16. What are the prime factors of x?
2, 3
Suppose 0 = -q + 3. List the prime factors of q.
3
Let a = 0 - -4. Suppose 4*l + 0*j - 3*j - 44 = 0, 0 = j + a. List the prime factors of l.
2
Let a be (-1 + -3)*(-4)/(-8). List the prime factors of -1*36/8*a.
3
Suppose -3*k + 0*k = -5*u - 119, -3*u - 3 = 0. Let m be (-3*3)/((-4)/24). Let x = m - k. What are the prime factors of x?
2
Let i = 87 - 35. List the prime factors of i.
2, 13
Let z = -1 - -4. Let a = z + -1. Suppose a*h - 9 = -h. What are the prime factors of h?
3
Let j(l) = -l**2 - 14*l - 4. List the prime factors of j(-10).
2, 3
Suppose -2 - 2 = -2*c, 0 = -o - 5*c + 12. List the prime factors of 36/o*(6 + -5).
2, 3
Suppose 0 = w - 33 - 35. List the prime factors of w.
2, 17
List the prime factors of -2 - (-16)/6 - 5658/(-18).
3, 5, 7
Let i(l) = 12*l**3 - l**2 + l. Let p(f) = f**3 - f**2 - 3*f - 4. Let m be p(3). Suppose -4*g = -m*g + 1. List the prime factors of i(g).
2, 3
Suppose 0 = -3*g + 196 + 509. Suppose -4*c - 3 = -g. What are the prime factors of c?
2, 29
Let k = -12 - -37. Suppose -9 + k = 4*t. Suppose t - 24 = -2*l. List the prime factors of l.
2, 5
Suppose -2*o = 5*f - 208, f - 42 + 502 = 4*o. What are the prime factors of o?
2, 3, 19
Let s(h) = h. Let y be s(4). Let x = 65 - -7. Suppose x + 4 = y*f. List the prime factors of f.
19
List the prime factors of 6/(-14) + ((-765)/(-21) - -4).
2, 5
List the prime factors of 0 + -6*(-21)/6.
3, 7
Let j = -313 - -636. List the prime factors of j.
17, 19
Let t(y) = 24*y. Let x be t(-1). Let f = -16 - x. Let i = f - 0. List the prime factors of i.
2
Let a = 55 + 52. List the prime factors of a.
107
Suppose -11*u + 2845 + 774 = 0. List the prime factors of u.
7, 47
Suppose -4*g + 32 = -3*t, -2*t + 3 = -4*t - g. Let a(s) = s**3 - 2 + s**2 + 7 + 2*s + 4*s**2 + s. List the prime factors of a(t).
3
Suppose -3*v + 20 = v. Suppose v*s + 4 = -2*w + 28, -2*w + 40 = -3*s. Suppose f - w = -3*y + 6, -26 = -2*f - 2*y. List the prime factors of f.
2
Suppose -5*y - 8*r + 5 = -3*r, 0 = 4*y + 3*r - 2. Suppose 4*c - 4*b = 0, 4*c = c - 3*b - 18. Let f = y - c. What are the prime factors of f?
2
Let i(v) = 5*v**2 - 5*v - 25. List the prime factors of i(7).
5, 37
Suppose d = -3*d - 4, -5*f = d - 119. Let a = 9 + f. List the prime factors of a.
3, 11
Let y be (-112)/(-24)*3/2. Let p(i) = 2*i**2 - 10*i - 3. List the prime factors of p(y).
5
Let q be (-405)/36 + (-1)/(-4). List the prime factors of (-2)/q + 1004/44.
23
Let t(b) be the first derivative of 21*b**2/2 + 2*b - 1. List the prime factors of t(2).
2, 11
Let u be 1/(-3) - 7/(-3). Suppose u*w = -3*w. What are the prime factors of -1 + (w - 1 - -12)?
2, 5
Let q be ((-5)/3)/(3/(-9)). Let u be (2/q)/((-3)/(-